)/(k/(-5))?
7
Let x = 44 - 13. Suppose 3*i - 22 = -2*u, 4*i = -i + 10. Calculate the remainder when x is divided by u.
7
Let u(m) = m**3 - 4*m**2 + 8*m - 4. Calculate the remainder when u(4) is divided by 10.
8
Suppose -o - l = -4*o + 181, o - 47 = -3*l. Calculate the remainder when o is divided by 10.
9
Suppose 0*q = 5*q + 10. What is the remainder when (q/5)/(2/(-50)) is divided by (5 - 39/9)/((-1)/(-6))?
2
Suppose -3*m + 43 = -98. What is the remainder when m is divided by 17?
13
Let t be ((-1)/2)/(3/(-30)). Suppose 4*z = n - 6 + 37, -t*z + 2*n + 38 = 0. What is the remainder when 21 is divided by z?
5
Let u = -3 + 0. Let q = -2 - u. What is the remainder when 32 is divided by 9 - -1*(3 - q)?
10
What is the remainder when ((-39)/26)/(1/(-38)) is divided by 15?
12
Suppose 5*u = 5 + 5, -n + 15 = u. Calculate the remainder when 49 is divided by n.
10
Suppose 0 = 6*f - f - 50. What is the remainder when 39/2*(3 + -1) is divided by f?
9
Let j = -188 - -203. Suppose -4*t - 5*d + 1 = 0, -5*t + 0*d + 8 = 4*d. Calculate the remainder when j is divided by t.
3
Let t(g) = g**2 - 18*g - 10. Let p be t(15). Let b = p - -82. What is the remainder when b is divided by 6?
3
Suppose 26*r - 32*r + 114 = 0. Calculate the remainder when 74 is divided by r.
17
Let l(y) be the second derivative of -2*y**5/5 - y**4/6 - y**3/3 + y**2 + 5*y. What is the remainder when l(-2) is divided by 16?
14
Let l = -50 + 54. Calculate the remainder when 16 is divided by l.
0
Suppose 0 = -f + 4*t - 15 + 57, -126 = -3*f + t. Calculate the remainder when f is divided by 15.
12
Suppose -y + 23 - 5 = 0. Let z = y + 5. What is the remainder when z is divided by 13?
10
Let k(f) = 11*f - 2. Calculate the remainder when 17 is divided by k(1).
8
Suppose 1 = -q, -2*u = -2*q + 3*q + 1. Suppose 3*b + 2*b - 150 = u. Calculate the remainder when b is divided by 11.
8
Let o = 44 - 5. What is the remainder when o is divided by (4/(-6) + 0)*-15?
9
Let w(f) = 3*f**2 + 23*f - 20. Let g(p) = -2*p**2 - 15*p + 13. Let j(m) = 7*g(m) + 5*w(m). Let b = 2 - -4. Calculate the remainder when b is divided by j(-11).
0
Let i = 160 + -59. What is the remainder when i is divided by 13?
10
Let a(p) = -p**3 - 5*p**2 + 20*p + 4. Calculate the remainder when a(-8) is divided by 13.
10
Let d = 6 + -1. Suppose 0 = 3*x - d*x + 70. What is the remainder when x is divided by 12?
11
Suppose 0 = -w + 5*w - 8, 3*w = 5*x - 59. What is the remainder when x is divided by 8?
5
Suppose 2*z = 5*n - 26, -2*z = 4*n + 3*z - 34. Let y(m) = m**3 - 2*m**2 - 4*m + 6. What is the remainder when y(4) is divided by n?
4
Suppose -23*s + 133 = -16*s. What is the remainder when s is divided by 11?
8
Suppose 5*u - 3*k - 98 = -2*k, 2*u + 5*k - 23 = 0. Suppose 0 = 2*i - 8 - 14. What is the remainder when u is divided by i?
8
Let p(v) = 0*v**2 - 2*v**2 + v**2 - v - 1 - 3*v. What is the remainder when p(-2) is divided by 1?
0
Suppose 3*s + 7 = -2. What is the remainder when (s - 1)*62/(-8) is divided by 16?
15
Let y be (-10)/25 - (-114)/10. Let m = -4 + y. What is the remainder when 19 is divided by m?
5
Let r = 6 + 33. What is the remainder when 149 is divided by r?
32
Suppose a - 3 = 3*v - 8, 3*v - 15 = 0. Let g = 0 - -6. What is the remainder when a is divided by g?
4
Let g = -3 + 12. Let m(r) = r. Let j(w) = 11*w + 9. Let n(p) = -j(p) + 4*m(p). What is the remainder when n(-6) is divided by g?
6
Let p be (-2)/8 - (-27)/12. Suppose p = g - 6. Let b = -3 + 17. Calculate the remainder when b is divided by g.
6
Let u = 324 + -114. Let m = u + -133. What is the remainder when m is divided by 16?
13
Let d = 12 - 16. Let u(l) = l**2 + 4*l + 4. Suppose 2*w = -3*w + 10. Calculate the remainder when u(d) is divided by w.
0
Let n = -2 + -4. Let c = n - -16. Suppose -5*s + 17 = -3. Calculate the remainder when c is divided by s.
2
Calculate the remainder when (3/(-2) - -2)*(141 + 1) is divided by 21.
8
Suppose 0 = 2*q + 2 + 4, 0 = f - 3*q - 67. Suppose 5*u + 119 = 5*h - h, 2*h - 4*u - f = 0. Calculate the remainder when h is divided by 11.
9
Suppose c + 2*h - 13 = 5*h, 0 = -4*c - 3*h + 7. Suppose -3*d + 4*a = -22, 0 = 2*d + 5*a - 2*a - 9. Calculate the remainder when d is divided by c.
2
Let b = 24 + -15. What is the remainder when 223/b + 4/18 is divided by 13?
12
Let z be ((-18)/8)/(12/(-32)). Let b(q) = 1 + z*q + 7*q - 2*q. What is the remainder when b(2) is divided by 8?
7
Let w(g) = g**3 - 5*g**2 + 3*g + 1. Let s be w(3). What is the remainder when (s + 6)*(-3)/2 is divided by 1?
0
What is the remainder when (-16)/80 - 291/(-5) is divided by 31?
27
Let d(u) be the third derivative of -u**5/60 + 7*u**4/24 + u**3/3 + 5*u**2. What is the remainder when d(7) is divided by (-1)/(-1)*(-4)/(-4)?
0
Let y(j) = j**3 - 5*j**2 + 5*j. Let m be 4/8*(-12)/(-2). Suppose -o + 2*h = -3*h + 17, -3*o + m*h = 3. Calculate the remainder when y(4) is divided by o.
1
Let t(y) = -y**3 + 6*y**2 + 7*y + 4. Let j(u) = -u**3 + u + 7. Suppose 0 = -3*g + 2*g. Let f be j(g). What is the remainder when 7 is divided by t(f)?
3
Suppose 2 + 8 = 5*x. Suppose -2*z + 6 = -x. Suppose 3*t - t - 30 = 0. What is the remainder when t is divided by z?
3
Let r(p) = -p**2 + 10*p - 3. Suppose q + 9 = y, 25 = -2*y - 5*q + 8. Calculate the remainder when r(8) is divided by y.
1
Suppose -10*p - 83 = -793. Calculate the remainder when p is divided by 15.
11
Suppose 4 = f - 5. Suppose 39 - f = 3*z. Calculate the remainder when 19 is divided by z.
9
Suppose -i - 3*b - 28 = -3, -5*b = -5*i - 145. What is the remainder when (-14)/i*250/1 is divided by 32?
29
Suppose 5*l + 23 - 223 = 0. Suppose -2*a - 10 = 0, -i + a = -4*i + 37. Calculate the remainder when l is divided by i.
12
Let w(o) = -4*o**3 - 1. Let k be w(-1). Suppose -4*l = -5*t + 87, -67 = -k*t - 5*l - 0. Let x = 75 + -19. What is the remainder when x is divided by t?
18
Suppose 3*j + 8 = 4*j. Suppose 0 = 4*a - 3*h - 69, -4*h + 0*h + 63 = 5*a. What is the remainder when a is divided by j?
7
Let a(j) = -68*j - 12. What is the remainder when a(-2) is divided by 21?
19
Let x = 155 + -148. Calculate the remainder when (32/6 - 1)*3 is divided by x.
6
Let l(n) = -n**2 + 6. Let i be l(-7). Let d = 71 + i. Calculate the remainder when d is divided by (-94)/(-6) - (-4)/(-6).
13
Calculate the remainder when -3 - ((-6)/(-4))/((-21)/728) is divided by 13.
10
Let x(z) = z**2 - 3*z - 2. Let s = -50 - -73. What is the remainder when x(-7) is divided by s?
22
Suppose 0 = 2*q + 2*i, 2*i + 2*i = 4*q - 8. Let j be (1*(-1 - 0))/q. What is the remainder when j/2*(6 + -88) is divided by 11?
8
Let w(c) = -5*c - 2. What is the remainder when w(-2) is divided by 2?
0
What is the remainder when 2 is divided by (0 + (-6)/2)/(-3)?
0
Let m be 0*(2 - (-5)/(-3)). Suppose m = -4*q + 25 + 251. What is the remainder when q is divided by 24?
21
Let v(z) = 4 - z + 6*z - 3*z. Suppose 3*p = 5*m + 27, 2*p - 5 - 13 = -5*m. Calculate the remainder when 64 is divided by v(p).
20
Let c be (24/(-30))/(1/5). Let o(r) = -r**3 - 4*r**2 - 6*r - 6. What is the remainder when 34 is divided by o(c)?
16
Suppose o + 1 = 3. Calculate the remainder when 22 is divided by (o/(-4))/(1/(-12)).
4
Let t(m) = -m**3 + 4*m**2 - m + 2. Suppose 3*k - 23 = 1. Suppose -4*f + k + 4 = 0, -2*h - f + 47 = 0. What is the remainder when h is divided by t(3)?
6
Suppose 15 = 2*y - 25. Calculate the remainder when 79 is divided by y.
19
Suppose -6*o - 1 = 2*u - o, 4*u + o = 43. Let s = 85 - 63. What is the remainder when s is divided by u?
10
Let n(h) = 42*h**2 + 2*h - 2. Let o be n(-2). Suppose o = 5*k - 3*k. Suppose -k = -5*f - 11. What is the remainder when 27 is divided by f?
13
Let u be 1 + 2 + 4 + -2. Suppose 8 = u*s - 7. Suppose s*l - 2*l - 14 = 0. Calculate the remainder when 40 is divided by l.
12
Let y = -2 + -1. Let j be (-1004)/6*y/2. Suppose 5*c - j = -31. Calculate the remainder when c is divided by 15.
14
Let b = -40 + 58. Calculate the remainder when 106/(-4)*6/(-3) is divided by b.
17
Suppose 35 = 4*q - 3*q. Let s(t) = 4*t**2 - t. What is the remainder when q is divided by s(-2)?
17
Suppose 10*a - 5*a - 35 = 0. What is the remainder when 19 is divided by (10 - 0) + (7 - a)?
9
Let c(u) = -u**2 + 10*u - 8. Let l(n) = n. Let b be l(6). What is the remainder when 31 is divided by c(b)?
15
Let m be (-56